f 17?
True
Is 11243930 a multiple of 37?
True
Is 6 a factor of 891612?
True
Is 13996950 a multiple of 146?
False
Does 124 divide 83824?
True
Is 253 a factor of 486372?
False
Is 690012 a multiple of 16?
False
Is 1608656 a multiple of 567?
False
Is 8 a factor of 301027?
False
Is 10 a factor of 807550?
True
Is 207 a factor of 5995134?
True
Is 894769 a multiple of 23?
True
Does 502 divide 129516?
True
Is 88233 a multiple of 41?
False
Is 96528 a multiple of 12?
True
Does 277 divide 34626?
False
Is 238 a factor of 307983?
False
Is 21 a factor of 45885?
True
Is 280031 a multiple of 9?
False
Is 2144135 a multiple of 275?
False
Does 8 divide 46875?
False
Is 2 a factor of 61828?
True
Does 24 divide 124440?
True
Is 81543 a multiple of 18?
False
Is 14 a factor of 262556?
True
Is 7 a factor of 15666?
True
Is 2336204 a multiple of 52?
True
Is 26 a factor of 6086713?
False
Does 343 divide 1638199?
False
Is 2301183 a multiple of 47?
False
Is 119372 a multiple of 11?
True
Is 1828848 a multiple of 9?
False
Is 639509 a multiple of 34?
False
Is 39 a factor of 328568?
False
Is 185 a factor of 200711?
False
Is 1642527 a multiple of 89?
False
Is 1020 a factor of 6646320?
True
Does 252 divide 724643?
False
Does 33 divide 19446801?
True
Is 1662052 a multiple of 89?
False
Is 636825 a multiple of 175?
True
Does 219 divide 218124?
True
Is 22477923 a multiple of 69?
True
Is 9289259 a multiple of 141?
False
Does 524 divide 889752?
True
Does 37 divide 3268040?
False
Is 97 a factor of 299439?
True
Is 267 a factor of 483270?
True
Is 10716 a multiple of 57?
True
Is 261403 a multiple of 68?
False
Is 29358 a multiple of 5?
False
Is 5 a factor of 4362?
False
Does 6 divide 34496?
False
Does 243 divide 57371?
False
Is 1839695 a multiple of 143?
True
Is 4247575 a multiple of 5?
True
Does 53 divide 1190589?
False
Is 9 a factor of 30366?
True
Is 17 a factor of 6914022?
False
Is 666 a factor of 1790208?
True
Does 15 divide 1756156?
False
Is 15118 even?
True
Is 926532 a multiple of 373?
True
Does 65 divide 145461?
False
Is 1008780 a multiple of 170?
True
Is 11 a factor of 108823?
True
Is 4845313 a multiple of 167?
False
Does 3 divide 58548?
True
Is 583310 a multiple of 65?
True
Is 22 a factor of 42076?
False
Is 871 a factor of 9053748?
False
Does 143 divide 200200?
True
Does 21 divide 313551?
True
Does 43 divide 1544490?
False
Does 44 divide 580198?
False
Is 301496 a multiple of 14?
False
Does 46 divide 3974308?
True
Is 99 a factor of 1099181?
False
Is 2142348 a multiple of 52?
True
Is 56 a factor of 1313592?
True
Is 25 a factor of 1384975?
True
Does 5 divide 62205?
True
Is 62 a factor of 2056405?
False
Is 10 a factor of 1391160?
True
Does 1428 divide 492660?
True
Is 67 a factor of 45996?
False
Is 5245242 a multiple of 597?
True
Is 12 a factor of 178140?
True
Does 136 divide 238408?
True
Does 44 divide 15757896?
True
Is 843708 a multiple of 100?
False
Is 865008 a multiple of 18?
True
Is 1926624 a multiple of 752?
True
Is 7611340 a multiple of 90?
False
Is 328 a factor of 164101?
False
Does 9 divide 278872?
False
Is 252 a factor of 19908?
True
Is 34 a factor of 14524290?
True
Is 4 a factor of 13500?
True
Is 5 a factor of 40895?
True
Does 23 divide 187358?
True
Does 5 divide 68190?
True
Is 1695425 a multiple of 73?
True
Is 126 a factor of 1089578?
False
Does 7 divide 343548?
False
Does 14 divide 494368?
True
Is 6425005 a multiple of 72?
False
Does 95 divide 211833?
False
Is 9 a factor of 480429?
True
Does 17 divide 11643385?
True
Is 85 a factor of 2065373?
False
Is 18 a factor of 479087?
False
Is 12 a factor of 5005730?
False
Is 123989 a multiple of 21?
False
Is 32 a factor of 188032?
True
Does 388 divide 105924?
True
Is 849660 a multiple of 30?
True
Does 6 divide 160929?
False
Is 5485640 a multiple of 232?
True
Is 2750184 a multiple of 182?
False
Is 18 a factor of 470052?
True
Does 28 divide 1149821?
False
Does 6 divide 2818744?
False
Is 365 a factor of 241265?
True
Is 235683 a multiple of 189?
True
Is 62 a factor of 1524128?
False
Does 23 divide 46564?
False
Does 853 divide 18625255?
True
Is 27 a factor of 81108?
True
Does 54 divide 4077162?
True
Is 37 a factor of 2693859?
True
Does 126 divide 10203536?
False
Is 10014888 a multiple of 11?
False
Does 33 divide 1367091?
True
Does 18 divide 590706?
True
Is 15221 a multiple of 31?
True
Does 3 divide 133064?
False
Is 51 a factor of 546465?
True
Is 936300 a multiple of 100?
True
Does 36 divide 89928?
True
Is 1590703 a multiple of 31?
True
Does 42 divide 93282?
True
Does 16 divide 16784?
True
Is 14883 a multiple of 121?
True
Is 10 a factor of 35330?
True
Is 1034596 a multiple of 11?
False
Is 1365234 a multiple of 69?
True
Is 281115 a multiple of 45?
True
Does 170 divide 455324?
False
Is 153 a factor of 1249824?
False
Does 214 divide 427709?
False
Does 283 divide 2181954?
False
Does 3 divide 31719?
True
Does 152 divide 1128785?
False
Is 338 a factor of 397193?
False
Is 2033109 a multiple of 771?
False
Is 23 a factor of 355695?
True
Is 655 a factor of 2242903?
False
Does 9 divide 6058629?
True
Is 84466 a multiple of 314?
True
Does 128 divide 3713536?
True
Does 6 divide 49170?
True
Is 8 a factor of 825952?
True
Is 2837613 a multiple of 129?
True
Is 311 a factor of 106362?
True
Is 31241 a multiple of 2?
False
Is 130 a factor of 463797?
False
Is 844 a factor of 1917568?
True
Is 1565260 a multiple of 85?
False
Is 271 a factor of 2280440?
False
Does 28 divide 1288?
True
Is 7 a factor of 76398?
True
Is 46635 a multiple of 5?
True
Does 22 divide 94044?
False
Is 536 a factor of 2182592?
True
Is 162 a factor of 468463?
False
Does 89 divide 479188?
False
Does 123 divide 644274?
True
Does 39 divide 74861?
False
Does 312 divide 2261034?
False
Is 44 a factor of 183034?
False
Is 87 a factor of 2457750?
True
Does 255 divide 10882890?
True
Is 1848277 a multiple of 69?
False
Is 22 a factor of 146927?
False
Is 80700 a multiple of 116?
False
Does 168 divide 21653?
False
Is 79 a factor of 395476?
False
Is 79 a factor of 33096?
False
Is 1516173 a multiple of 2?
False
Is 8 a factor of 1532968?
True
Does 268 divide 300879?
False
Does 97 divide 3202455?
True
Does 12 divide 139674?
False
Is 1222935 a multiple of 95?
True
Is 3151 a multiple of 159?
False
Is 78320 a multiple of 110?
True
Is 18 a factor of 5910660?
True
Is 202269 a multiple of 10?
False
Does 208 divide 4888000?
True
Does 38 divide 137297?
False
Does 639 divide 1957896?
True
Is 478268 a multiple of 532?
True
Is 39 a factor of 6997236?
False
Is 408402 a multiple of 43?
False
Is 1494318 a multiple of 357?
False
Does 131 divide 225677?
False
Is 5 a factor of 4252732?
False
Is 2872282 a multiple of 158?
True
Does 21 divide 92318?
False
Is 5763712 a multiple of 9?
False
Is 122 a factor of 5939448?
True
Is 30 a factor of 39893?
False
Is 4 a factor of 813384?
True
Does 17 divide 53006?
True
Does 126 divide 12522888?
True
Is 10 a factor of 1986?
False
Is 205668 a multiple of 12?
True
Does 125 divide 2967625?
True
Is 700595 a multiple of 133?
False
Is 14 a factor of 6734538?
False
Is 6 a factor of 137142?
True
Is 5957257 a multiple of 15?
False
Does 3 divide 59832?
True
Is 1136 a factor of 26956144?
True
Is 82659 a multiple of 5?
False
Does 8 divide 14648525?
False
Is 57492 a multiple of 7?
False
Is 2088925 a multiple of 25?
True
Is 3684756 a multiple of 12?
True
Is 7605932 a multiple of 103?
True
Is 119236 a multiple of 13?
True
Is 1642898 a multiple of 33?
False
Does 16 divide 37392?
True
Is 75666 a multiple of 3?
True
Is 97 a factor of 370249?
True
Does 392 divide 2587380?
False
Is 13608 a multiple of 8?
True
Is 27078 a multiple of 93?
False
Does 140 divide 12440741?
False
Is 2 a factor of 664102?
True
Is 26 a factor of 95732?
True
Is 9 a factor of 36659?
False
Does 22 divide 23232?
True
Does 124 divide 371628?
True
Does 79 divide 102327?
False
Does 10 divide 831260?
True
Is 103 a factor of 685362?
True
Is 349 a factor of 303630?
True
Is 11 a factor of 8546?
False
Is 14 a factor of 758794?
False
Is 6 a factor of 416?
False
Does 5 divide 21510?
True
Is 400 a factor of 454926?
False
Does 352 divide 181984?
True
Is 288640 a multiple of 352?
True
Does 160 divide 367040?
True
Is 3025957 a multiple of 14?
False
Is 392560 a multiple of 10?
True
Is 51 a factor of 1587579?
True
Is 518 a factor of 12927208?
True
Is 13